{"id":3286,"date":"2016-12-28T07:05:55","date_gmt":"2016-12-28T07:05:55","guid":{"rendered":"http:\/\/ict.guidoknaus.ch\/?page_id=3286"},"modified":"2017-08-21T14:50:15","modified_gmt":"2017-08-21T14:50:15","slug":"recherche-und-lernunterstuetzung","status":"publish","type":"page","link":"https:\/\/ict.guidoknaus.ch\/?page_id=3286","title":{"rendered":"Recherche und Lernunterst\u00fctzung"},"content":{"rendered":"<p><span style=\"font-size: 8pt;\">(Die Unterrichtsideen werden in einem neuen Tab ge\u00f6ffnet.)<\/span><\/p>\n<p><em>Die Sch\u00fclerinnen und Sch\u00fcler &#8230;<\/em><\/p>\n<table style=\"width: 100%;\" border=\"0\">\n<tbody>\n<tr>\n<td style=\"background-color: #96cb34; width: 5px;\" align=\"center\" valign=\"top\"><\/td>\n<td style=\"background-color: #278dd0; width: 5px;\" align=\"center\" valign=\"top\"><\/td>\n<td style=\"background-color: #e49c17; width: 5px;\" align=\"center\" valign=\"top\"><span style=\"color: #ffffff;\"><strong>1<\/strong><br \/>\n<\/span><\/td>\n<td style=\"width: 5px;\" valign=\"top\"><\/td>\n<td style=\"vertical-align: top;\"><a href=\"http:\/\/blogs.phsg.ch\/ict-kompetenzen\/medien-und-informatik\/3-anwendungskompetenzen\/recherche-und-lernunterstutzung\/informationsbeschaffung\/\" target=\"_blank\" rel=\"noopener noreferrer\">k\u00f6nnen mit Hilfe von vorgegebenen Medien lernen und Informationen zu einem bestimmten Thema beschaffen (z.B. Buch, Zeitschrift, Lernspiel, Spielgeschichte, Webseite).<\/a><\/td>\n<td style=\"width: 10%; vertical-align: top;\"><em><span style=\"font-size: 8pt;\"><strong><a href=\"http:\/\/blogs.phsg.ch\/ict-kompetenzen\/medien-und-informatik\/1-medien\/2-medien-und-medienbeitrage\/c-lernen-informationsbeschaffung\/\" target=\"_blank\" rel=\"noopener noreferrer\">MI.1.2.c<\/a><\/strong><a href=\"http:\/\/blogs.phsg.ch\/ict-kompetenzen\/medien-und-informatik\/1-medien\/2-medien-und-medienbeitrage\/c-lernen-informationsbeschaffung\/\" target=\"_blank\" rel=\"noopener noreferrer\"><br \/>\n<\/a><a href=\"http:\/\/ar.lehrplan.ch\/101KTPkFCRHJxn9XuUp9mzPtRrw55MA9V\" target=\"_blank\" rel=\"noopener noreferrer\">D.3.B.1.g<\/a><a href=\"http:\/\/blogs.phsg.ch\/ict-kompetenzen\/medien-und-informatik\/1-medien\/2-medien-und-medienbeitrage\/c-lernen-informationsbeschaffung\/\" target=\"_blank\" rel=\"noopener noreferrer\"><br \/>\n<\/a><a href=\"http:\/\/ar.lehrplan.ch\/101W5XMShSUEPWCJxeV6DyqtKk72ah5sH\" target=\"_blank\" rel=\"noopener noreferrer\">D.4.C.1.b<\/a><a href=\"http:\/\/blogs.phsg.ch\/ict-kompetenzen\/medien-und-informatik\/1-medien\/2-medien-und-medienbeitrage\/c-lernen-informationsbeschaffung\/\" target=\"_blank\" rel=\"noopener noreferrer\"><br \/>\n<\/a><a href=\"http:\/\/ar.lehrplan.ch\/101barPGNvCAgMFyNnTnXdvkwVkuV65wJ\" target=\"_blank\" rel=\"noopener noreferrer\">NMG.6.2.b<\/a><a href=\"http:\/\/blogs.phsg.ch\/ict-kompetenzen\/medien-und-informatik\/1-medien\/2-medien-und-medienbeitrage\/c-lernen-informationsbeschaffung\/\" target=\"_blank\" rel=\"noopener noreferrer\"><br \/>\n<\/a><a href=\"http:\/\/ar.lehrplan.ch\/101RdbFsaGHRn3tmG9ucf5pa8YE8fLTCY\" target=\"_blank\" rel=\"noopener noreferrer\">RZG.4.2.b<\/a><\/span><strong><a href=\"http:\/\/blogs.phsg.ch\/ict-kompetenzen\/medien-und-informatik\/1-medien\/2-medien-und-medienbeitrage\/c-lernen-informationsbeschaffung\/\" target=\"_blank\" rel=\"noopener noreferrer\"><br \/>\n<\/a><\/strong><\/em><\/td>\n<\/tr>\n<tr>\n<td style=\"background-color: #96cb34; width: 3%; text-align: center;\" valign=\"top\"><\/td>\n<td style=\"background-color: #278dd0; width: 3%; text-align: center;\" valign=\"top\"><\/td>\n<td style=\"background-color: #278dd0; width: 3%; text-align: center;\" valign=\"top\"><span style=\"color: #ffffff;\"><strong>2<\/strong><\/span><\/td>\n<td valign=\"top\"><\/td>\n<td style=\"vertical-align: top;\"><a href=\"http:\/\/blogs.phsg.ch\/ict-kompetenzen\/medien-und-informatik\/3-anwendungskompetenzen\/recherche-und-lernunterstutzung\/recherche-informationsquelle\/\" target=\"_blank\" rel=\"noopener noreferrer\">k\u00f6nnen Medien und Daten ausw\u00e4hlen, auswerten und als Informationsquelle f\u00fcr ihr Lernen nutzen (z.B. Lexikon, Suchmaschine, Schulfernsehen, Wetterkarte, geografische Daten, technische Anleitungen).<\/a><\/td>\n<td><span style=\"font-size: 8pt;\"><em><strong><a href=\"http:\/\/blogs.phsg.ch\/ict-kompetenzen\/medien-und-informatik\/1-medien\/2-medien-und-medienbeitrage\/e-informationen-beschaffen-und-beurteilen\/\" target=\"_blank\" rel=\"noopener noreferrer\">MI.1.2.e<\/a><br \/>\n<\/strong><a href=\"http:\/\/sg.lehrplan.ch\/101Tff25JX2quHYgrUr3zVJzHpBPedApf\" target=\"_blank\" rel=\"noopener noreferrer\">D.2.B.1.f<\/a><br \/>\n<a href=\"http:\/\/sg.lehrplan.ch\/101U2AmTMfdRvphSPdTfqmXsCP5VN5FVP\" target=\"_blank\" rel=\"noopener noreferrer\">D.4.C.1.e<\/a><br \/>\n<a href=\"http:\/\/sg.lehrplan.ch\/101DGtUebMdFxuF8Aq5uaRvx22yfX7Mz4\" target=\"_blank\" rel=\"noopener noreferrer\">FS1E.5.B.2.b<\/a><br \/>\n<a href=\"http:\/\/sg.lehrplan.ch\/101sApeN5CKP5EAum2garNmFMVydxK63w\" target=\"_blank\" rel=\"noopener noreferrer\">FS2F.5.B.2.b<\/a><br \/>\n<a href=\"http:\/\/sg.lehrplan.ch\/101HK5wWztys9rXYM4NGXmPdnBsVXX6nz\" target=\"_blank\" rel=\"noopener noreferrer\">NMG.2.5.d<\/a><br \/>\n<a href=\"http:\/\/sg.lehrplan.ch\/101MCahTDkZ38axT22H6cgrH78vZJvvyY\" target=\"_blank\" rel=\"noopener noreferrer\">NMG.4.4.1f<\/a><br \/>\n<a href=\"http:\/\/sg.lehrplan.ch\/1013tGTeWwqDueZDwGhAzULp6eKczY2cg\" target=\"_blank\" rel=\"noopener noreferrer\">NMG.5.3.g<\/a><br \/>\n<a href=\"http:\/\/sg.lehrplan.ch\/101b8VFbYnpCt2K3eAL4mvYJsxHHEtGBP\" target=\"_blank\" rel=\"noopener noreferrer\">NMG.7.3.e<\/a><br \/>\n<a href=\"http:\/\/sg.lehrplan.ch\/1013npDEycB5SzHsRzLJnEx3rCbz5Y5Gp\" target=\"_blank\" rel=\"noopener noreferrer\">NMG.8.5.h<\/a><br \/>\n<a href=\"http:\/\/sg.lehrplan.ch\/101cNd7YGPEztecuEZnZcNemWdayh5wdC\" target=\"_blank\" rel=\"noopener noreferrer\">NMG.8.5.i<\/a><br \/>\n<a href=\"http:\/\/sg.lehrplan.ch\/101hFVq2r5fhPg5vBHWzkpKnqJcTLrgde\" target=\"_blank\" rel=\"noopener noreferrer\">RZG.4.3.b<\/a><br \/>\n<a href=\"http:\/\/sg.lehrplan.ch\/101zMbLDgfAEhDcHmCGB8FKVk6keU87nh\" target=\"_blank\" rel=\"noopener noreferrer\">TTG.3.B.4.b<\/a><br \/>\n<a href=\"http:\/\/sg.lehrplan.ch\/101TFBkyBVVSUVpUb56q3XVSvUnf38pEV\" target=\"_blank\" rel=\"noopener noreferrer\">TTG.3.B.4.c<\/a><br \/>\n<a href=\"http:\/\/sg.lehrplan.ch\/101SdVUMAZTaMhfmdpTz78b6SzWwWZKaw\">WAH.1.1.b<\/a><\/em><\/span><\/td>\n<\/tr>\n<tr>\n<td style=\"background-color: #96cb34; width: 3%; text-align: center;\" valign=\"top\"><\/td>\n<td style=\"background-color: #278dd0; width: 3%; text-align: center;\" valign=\"top\"><\/td>\n<td style=\"background-color: #278dd0; width: 3%; text-align: center;\" valign=\"top\"><span style=\"color: #ffffff;\"><strong>2<\/strong><\/span><\/td>\n<td valign=\"top\"><\/td>\n<td style=\"vertical-align: top;\"><a href=\"http:\/\/blogs.phsg.ch\/ict-kompetenzen\/medien-und-informatik\/3-anwendungskompetenzen\/recherche-und-lernunterstutzung\/recherche\/\" target=\"_blank\" rel=\"noopener noreferrer\">k\u00f6nnen Sachtexte im Rahmen einer Recherche beschaffen (z.B. im Internet, in der Bibliothek) und die darin enthaltenen Informationen mithilfe von Leitfragen f\u00fcr weitere Arbeiten nutzen (z.B. Referat).<\/a><\/td>\n<td><span style=\"font-size: 8pt;\"><em><a href=\"http:\/\/ar.lehrplan.ch\/1015JV83h5gGApDgam7WWsqETU3CEvJ2y\" target=\"_blank\" rel=\"noopener noreferrer\">D.2.B.1.g<\/a><\/em><\/span><\/td>\n<\/tr>\n<tr>\n<td style=\"background-color: #96cb34;\" align=\"center\" valign=\"top\"><\/td>\n<td style=\"background-color: #96cb34;\" align=\"center\" valign=\"top\"><\/td>\n<td style=\"background-color: #96cb34;\" align=\"center\" valign=\"top\"><span style=\"color: #ffffff;\"><strong>3<\/strong><\/span><\/td>\n<td valign=\"top\"><\/td>\n<td style=\"vertical-align: top;\"><a href=\"http:\/\/blogs.phsg.ch\/ict-kompetenzen\/medien-und-informatik\/3-anwendungskompetenzen\/recherche-und-lernunterstutzung\/medien-fur-den-eigenen-lernprozess\/\" target=\"_blank\" rel=\"noopener noreferrer\">k\u00f6nnen Medien f\u00fcr den eigenen Lernprozess selbstst\u00e4ndig ausw\u00e4hlen und einsetzen (z.B. Sachbuch, Zeitschrift, RSS-Feed, soziale Netzwerke, E-Book, fachbezogene Software).<\/a><\/td>\n<td><span style=\"font-size: 8pt;\"><em><a href=\"http:\/\/ar.lehrplan.ch\/1011349904407U9bdBC4TsaKCcggUcfd8\" target=\"_blank\" rel=\"noopener noreferrer\">FS1E.4.B.1.d<\/a><\/em><\/span><br \/>\n<span style=\"font-size: 8pt;\"><em><a href=\"http:\/\/ar.lehrplan.ch\/10113499044049RGnV96PtyfmDaJ3zc4K\" target=\"_blank\" rel=\"noopener noreferrer\">FS1E.5.B.2.d<\/a><\/em><\/span><br \/>\n<span style=\"font-size: 8pt;\"><em><a href=\"http:\/\/ar.lehrplan.ch\/1011349905294n29eNEsnS5TLBx2gs53V\" target=\"_blank\" rel=\"noopener noreferrer\">FS2F.4.B.1.d<\/a><\/em><\/span><br \/>\n<span style=\"font-size: 8pt;\"><em><a href=\"http:\/\/ar.lehrplan.ch\/101WB6GAWa2Uz7C7LpBVJub8tEgtRyymp\" target=\"_blank\" rel=\"noopener noreferrer\">FS2F.5.B.2.d<\/a><\/em><\/span><br \/>\n<span style=\"font-size: 8pt;\"><em><a href=\"http:\/\/ar.lehrplan.ch\/101zH2XHq2yXM6pEBaK3nvSRPPepSd539\" target=\"_blank\" rel=\"noopener noreferrer\">MA.1.B.3.g<\/a><\/em><\/span><br \/>\n<span style=\"font-size: 8pt;\"><em><a href=\"http:\/\/ar.lehrplan.ch\/101nfGHUWRtJxAwp5CBU6rNgxfSxfVwBR\" target=\"_blank\" rel=\"noopener noreferrer\">MA.2.B.1.i<\/a><\/em><\/span><br \/>\n<span style=\"font-size: 8pt;\"><em><a href=\"http:\/\/ar.lehrplan.ch\/101w6z6pe7ttWBhZdkpvqpqd88FPyTDPx\" target=\"_blank\" rel=\"noopener noreferrer\">MA.2.B.1.j<\/a><\/em><\/span><br \/>\n<span style=\"font-size: 8pt;\"><em><a href=\"http:\/\/ar.lehrplan.ch\/101yRabcXuDeH33q7sYnB5umSrcztevmt\" target=\"_blank\" rel=\"noopener noreferrer\">MU.4.B.1.2f<\/a><\/em><\/span><br \/>\n<span style=\"font-size: 8pt;\"><em><a href=\"http:\/\/ar.lehrplan.ch\/101PRfHFG9nEV4sZK7Ed9Fg5aBNqvk5Xh\" target=\"_blank\" rel=\"noopener noreferrer\">NT.1.3.c<\/a><\/em><\/span><br \/>\n<span style=\"font-size: 8pt;\"><em><a href=\"http:\/\/ar.lehrplan.ch\/101CPy3AJFkXyfAnEuTZ6HmkMRBJnadRA\" target=\"_blank\" rel=\"noopener noreferrer\">NT.3.3.d<\/a><\/em><\/span><br \/>\n<span style=\"font-size: 8pt;\"><em><a href=\"http:\/\/ar.lehrplan.ch\/101vw7STPPreT7yMuKma6ZRLXPWMnnpdX\" target=\"_blank\" rel=\"noopener noreferrer\">NT.9.1.c<\/a><\/em><\/span><br \/>\n<span style=\"font-size: 8pt;\"><em><a href=\"http:\/\/ar.lehrplan.ch\/1013dekYaN2CeuGLy7NxsVqXNYRbfuCvW\" target=\"_blank\" rel=\"noopener noreferrer\">NT.9.2.c<\/a><\/em><\/span><br \/>\n<span style=\"font-size: 8pt;\"><em><a href=\"http:\/\/ar.lehrplan.ch\/101UwM9NC5zupm7Sm6ECSyc4Jk2RrwB6T\" target=\"_blank\" rel=\"noopener noreferrer\">RZG.4.1.a<\/a><\/em><\/span><br \/>\n<span style=\"font-size: 8pt;\"><em><a href=\"http:\/\/ar.lehrplan.ch\/101RdbFsaGHRn3tmG9ucf5pa8YE8fLTCY\" target=\"_blank\" rel=\"noopener noreferrer\">RZG.4.2.b<\/a><\/em><\/span><br \/>\n<span style=\"font-size: 8pt;\"><em><a href=\"http:\/\/ar.lehrplan.ch\/101hFVq2r5fhPg5vBHWzkpKnqJcTLrgde\" target=\"_blank\" rel=\"noopener noreferrer\">RZG.4.3.b<\/a><\/em><\/span><br \/>\n<span style=\"font-size: 8pt;\"><em><a href=\"http:\/\/ar.lehrplan.ch\/101BHUdpVU4qXMam7Nb62KL9cNcGt56VV\" target=\"_blank\" rel=\"noopener noreferrer\">RZG.5.3.d<\/a><\/em><\/span><br \/>\n<span style=\"font-size: 8pt;\"><em><a href=\"http:\/\/ar.lehrplan.ch\/1013CJksbYMaG8UpacnUw4g9MBqmJ5H3n\" target=\"_blank\" rel=\"noopener noreferrer\">RZG.6.2.b<\/a><\/em><\/span><br \/>\n<span style=\"font-size: 8pt;\"><em><a href=\"http:\/\/ar.lehrplan.ch\/101R4fnJYbFDcYEVqMLB672JWcF9wW45t\" target=\"_blank\" rel=\"noopener noreferrer\">RZG.6.2.d<\/a><\/em><\/span><br \/>\n<span style=\"font-size: 8pt;\"><em><a href=\"http:\/\/ar.lehrplan.ch\/101hb28B4vTEF2wxKaD8eChrVn44auHMP\" target=\"_blank\" rel=\"noopener noreferrer\">WAH.3.2.a<\/a><\/em><\/span><br \/>\n<span style=\"font-size: 8pt;\"><em><a href=\"http:\/\/ar.lehrplan.ch\/101FJpHpMmbsJFXbK8DV5EuVJKUHv8PMu\" target=\"_blank\" rel=\"noopener noreferrer\">WAH.3.3.c<\/a><\/em><\/span><\/td>\n<\/tr>\n<\/tbody>\n<\/table>\n","protected":false},"excerpt":{"rendered":"<p>(Die Unterrichtsideen werden in einem neuen Tab ge\u00f6ffnet.) Die Sch\u00fclerinnen und Sch\u00fcler &#8230; 1 k\u00f6nnen mit Hilfe von vorgegebenen Medien lernen und Informationen zu einem bestimmten Thema beschaffen (z.B. Buch, Zeitschrift, Lernspiel, Spielgeschichte, Webseite). MI.1.2.c D.3.B.1.g D.4.C.1.b NMG.6.2.b RZG.4.2.b 2 k\u00f6nnen Medien und Daten ausw\u00e4hlen, auswerten und als Informationsquelle f\u00fcr<\/p>\n","protected":false},"author":1,"featured_media":0,"parent":0,"menu_order":0,"comment_status":"closed","ping_status":"closed","template":"template-fullwidth.php","meta":{"jetpack_post_was_ever_published":false,"footnotes":""},"class_list":["post-3286","page","type-page","status-publish","hentry"],"jetpack_sharing_enabled":true,"jetpack_shortlink":"https:\/\/wp.me\/P8i5HI-R0","_links":{"self":[{"href":"https:\/\/ict.guidoknaus.ch\/index.php?rest_route=\/wp\/v2\/pages\/3286","targetHints":{"allow":["GET"]}}],"collection":[{"href":"https:\/\/ict.guidoknaus.ch\/index.php?rest_route=\/wp\/v2\/pages"}],"about":[{"href":"https:\/\/ict.guidoknaus.ch\/index.php?rest_route=\/wp\/v2\/types\/page"}],"author":[{"embeddable":true,"href":"https:\/\/ict.guidoknaus.ch\/index.php?rest_route=\/wp\/v2\/users\/1"}],"replies":[{"embeddable":true,"href":"https:\/\/ict.guidoknaus.ch\/index.php?rest_route=%2Fwp%2Fv2%2Fcomments&post=3286"}],"version-history":[{"count":4,"href":"https:\/\/ict.guidoknaus.ch\/index.php?rest_route=\/wp\/v2\/pages\/3286\/revisions"}],"predecessor-version":[{"id":3608,"href":"https:\/\/ict.guidoknaus.ch\/index.php?rest_route=\/wp\/v2\/pages\/3286\/revisions\/3608"}],"wp:attachment":[{"href":"https:\/\/ict.guidoknaus.ch\/index.php?rest_route=%2Fwp%2Fv2%2Fmedia&parent=3286"}],"curies":[{"name":"wp","href":"https:\/\/api.w.org\/{rel}","templated":true}]}}